 to base 15
-a45
Convert 2000002200 (base 3) to base 10.
39438
What is -400 (base 8) in base 2?
-100000000
611 (base 16) to base 13
926
What is -20002 (base 4) in base 14?
-28a
-611 (base 7) to base 12
-212
Convert 330 (base 5) to base 8.
132
3d (base 16) to base 15
41
Convert -1670a (base 11) to base 8.
-55674
1264 (base 13) to base 3
10120221
-35333 (base 11) to base 2
-1100011100100001
Convert 1368 (base 9) to base 3.
1102022
What is -3153 (base 13) in base 10?
-6828
What is -1100100111 (base 2) in base 16?
-327
What is 222 (base 15) in base 5?
3412
3a8 (base 13) to base 4
22011
Convert 203401 (base 6) to base 9.
24371
Convert 3 (base 16) to base 5.
3
Convert 894 (base 14) to base 9.
2286
What is 90b (base 12) in base 4?
110123
Convert adab (base 14) to base 11.
2070a
3055 (base 6) to base 16
2ab
What is 1140124 (base 5) in base 12?
103a1
Convert -593 (base 15) to base 5.
-20023
What is 1001011010010 (base 2) in base 9?
6543
What is 1000110001 (base 2) in base 3?
202210
What is -75445 (base 9) in base 5?
-3044222
Convert 740 (base 10) to base 6.
3232
What is acb (base 13) in base 3?
2112210
-1210 (base 14) to base 2
-110001001110
-3818 (base 9) to base 12
-1798
What is -30214 (base 5) in base 9?
-2578
What is -4127 (base 9) in base 11?
-22a8
Convert -102002 (base 3) to base 8.
-453
Convert 309 (base 15) to base 13.
408
Convert 20313220 (base 4) to base 3.
1211211111
Convert 140 (base 7) to base 11.
70
Convert 305d (base 14) to base 6.
102255
-12102120 (base 3) to base 16
-f75
What is 145 (base 15) in base 14?
16a
What is -19245 (base 10) in base 4?
-10230231
Convert -1366 (base 9) to base 13.
-615
2415 (base 7) to base 2
1101111110
Convert 3395 (base 15) to base 2.
10101010111100
Convert 2034132 (base 5) to base 13.
1242a
What is 473 (base 16) in base 3?
1120012
What is -46301 (base 7) in base 10?
-11810
Convert -c00f (base 16) to base 13.
-194c1
-7237 (base 12) to base 11
-9378
Convert -330 (base 4) to base 2.
-111100
-19a (base 14) to base 9
-408
What is -146a (base 12) in base 10?
-2386
Convert -10222 (base 4) to base 6.
-1214
-252143 (base 6) to base 7
-122451
33b85 (base 12) to base 16
10dd5
What is 2414122 (base 5) in base 14?
12520
2121421 (base 5) to base 4
20300111
What is 1433 (base 7) in base 4?
20303
What is 760a (base 13) in base 9?
24445
What is 29569 (base 11) in base 3?
2010112101
What is -31041 (base 8) in base 14?
-4969
572 (base 10) to base 7
1445
Convert 6567 (base 8) to base 2.
110101110111
Convert -125 (base 12) to base 4.
-2231
Convert 422 (base 5) to base 14.
80
2224 (base 5) to base 4
10322
-11510 (base 8) to base 2
-1001101001000
Convert 1003 (base 5) to base 3.
11202
Convert -100000011000011 (base 2) to base 4.
-10003003
54e (base 15) to base 10
1199
Convert -211210221 (base 3) to base 4.
-10003312
What is -31556 (base 9) in base 3?
-1001121220
Convert 481 (base 16) to base 4.
102001
Convert 210200 (base 3) to base 10.
585
What is -131231 (base 4) in base 6?
-12445
Convert 332113 (base 5) to base 13.
5332
Convert 1833b (base 15) to base 13.
29885
25af (base 16) to base 6
112355
-8c22 (base 16) to base 6
-434030
Convert 2295 (base 16) to base 9.
13126
What is -2131 (base 8) in base 7?
-3150
326524 (base 7) to base 14
16d84
Convert -3d5b (base 15) to base 6.
-140452
Convert -1221120 (base 3) to base 14.
-735
Convert 3518 (base 10) to base 3.
11211022
56205 (base 11) to base 5
10101223
-131111 (base 4) to base 13
-b15
1066 (base 9) to base 12
559
Convert 16268 (base 9) to base 2.
10101110010111
-1361 (base 15) to base 8
-10055
-1000111022 (base 3) to base 16
-4e4a
10234 (base 6) to base 14
714
What is 1038 (base 9) in base 8?
1374
What is -30036 (base 12) in base 10?
-62250
Convert 10020002111 (base 3) to base 5.
4012430
What is -3057 (base 15) in base 16?
-27df
Convert -211b9 (base 12) to base 15.
-cd40
100000 (base 2) to base 7
44
What is 303 (base 14) in base 6?
2423
Convert -4333b (base 12) to base 10.
-88607
What is 572 (base 10) in base 2?
1000111100
-5ba8 (base 15) to base 9
-28675
Convert 1a7 (base 11) to base 12.
17a
Convert -10b7 (base 12) to base 11.
-1448
Convert -234 (base 10) to base 7.
-453
Convert -45422 (base 6) to base 5.
-201142
What is -525 (base 10) in base 14?
-297
1240 (base 7) to base 8
725
Convert 1486 (base 9) to base 6.
5123
-210011 (base 3) to base 7
-1444
-5e (base 16) to base 8
-136
What is -1022210 (base 4) in base 15?
-1632
What is -1441 (base 5) in base 11?
-204
What is 36b (base 16) in base 7?
2360
ac9c (base 14) to base 5
1424210
What is -9281 (base 10) in base 3?
-110201202
10111220 (base 3) to base 9
3456
1010220 (base 3) to base 4
31002
What is 2023223 (base 4) in base 13?
40b8
Convert 5815 (base 16) to base 9.
33834
What is -6142 (base 10) in base 11?
-4684
-222221201 (base 3) to base 6
-230544
What is 569 (base 11) in base 15?
305
What is 10503 (base 14) in base 8?
114747
What is 342311 (base 5) in base 16?
2fae
-2b7 (base 13) to base 2
-111101000
-176 (base 9) to base 6
-410
Convert -63c (base 14) to base 15.
-570
Convert 1550 (base 6) to base 16.
1aa
What is -1220 (base 3) in base 5?
-201
What is 100322221 (base 4) in base 2?
10000111010101001
b16b (base 16) to base 4
23011223
-439 (base 13) to base 8
-1324
Convert 718 (base 10) to base 12.
4ba
-46a1a (base 11) to base 14
-1a9b7
What is 10032 (base 5) in base 15?
2cc
What is 40b (base 13) in base 6?
3103
1131 (base 4) to base 7
162
Convert 153d (base 15) to base 16.
11ce
What is -5500 (base 9) in base 2?
-111111010010
What is -9e3 (base 15) in base 13?
-1032
Convert -4650 (base 10) to base 9.
-6336
Convert 82 (base 13) to base 15.
71
What is -5a13 (base 12) in base 2?
-10011101101111
What is -35 (base 13) in base 8?
-54
What is 1031200 (base 4) in base 2?
1001101100000
Convert 933 (base 10) to base 7.
2502
Convert 1e7 (base 15) to base 16.
1ba
What is 1146 (base 7) in base 3?
120210
What is 20050 (base 6) in base 2?
101000111110
Convert -111100 (base 2) to base 16.
-3c
Convert 56162 (base 7) to base 13.
659c
Convert 22201133 (base 4) to base 15.
cb88
What is -500 (base 9) in base 8?
-625
Convert -1d0 (base 14) to base 7.
-1050
21452 (base 6) to base 15
d3e
What is 3210 (base 5) in base 13?
271
Convert 486 (base 9) to base 16.
192
What is -9 (base 13) in base 11?
-9
1200143 (base 5) to base 8
52643
What is -47207 (base 8) in base 16?
-4e87
Convert 312 (base 13) to base 4.
20022
11203 (base 7) to base 4
230131
What is 10101110100100 (base 2) in base 9?
16283
Convert 122210 (base 3) to base 4.
13200
What is -2114 (base 5) in base 7?
-554
What is 15602 (base 14) in base 16?
d042
Convert 100010110100 (base 2) to base 9.
3045
What is -17340 (base 9) in base 7?
-46551
15025 (base 8) to base 5
203202
What is 5544 (base 10) in base 13?
26a6
What is -3895 (base 12) in base 2?
-1100100110001
What is -92c3 (base 14) in base 9?
-37575
-70 (base 14) to base 12
-82
Convert 4030 (base 7) to base 15.
62d
Convert -14 (base 13) to base 2.
-10001
What is 111000100 (base 2) in base 9?
552
What is 1026 (base 9) in base 13?
45c
What is -11012001 (base 3) in base 2?
-101111101100
What is -16905 (base 11) in base 9?
-35476
What is 99 (base 13) in base 5?
1001
Convert -11320131 (base 4) to base 10.
-24093
20112111 (base 3) to base 4
1022131
-1560 (base 14) to base 2
-111011100000
Convert -1f9 (base 16) to base 5.
-4010
1f88 (base 16) to base 7
32351
-10552 (base 8) to base 7
-15666
-103003 (base 8) to base 2
-1000011000000011
What is 1001 (base 6) in base 8?
331
Convert -1661 (base 16) to base 13.
-27b9
Convert 2313020 (base 4) to base 9.
17062
Convert 10102 (base 9) to base 11.
4aa0
-1004 (base 6) to base 3
-22011
Convert 11032 (base 4) to base 3.
110101
What is -19b (base 13) in base 11?
-250
Convert 1111 (base 3) to base 11.
37
2845 (base 11) to base 12
2167
-3458 (base 12) to base 7
-22664
What is 5e9 (base 15) in base 14?
6c0
Convert bb0 (base 12) to base 6.
11540
What is 200221012 (base 3) in base 13?
6389
What is 524 (base 6) in base 5?
1241
What is -110101110111 (base 2) in base 7?
-13023
Convert b944 (base 13) to base 10.
25744
What is 23a (base 13) in base 3?
112100
What is -8b08 (base 13) in base 12?
-b303
Convert -2548 (base 14) to base 11.
-49a9
1111001011100 (base 2) to base 9
11585
-e3e (base 15) to base 2
-110010001001
403 (base 1